8)
-11
(20 + -12 - 3) + -20 + -1 + 6
-10
Calculate (2 - -7) + (-29 + 18 - -3).
1
What is (-5 - (-8 - (0 - -6)) - 5) + 7?
11
What is the value of 5 + (0 - 13) + -94 + 83?
-19
What is 4 - ((-1 - -1) + (-101 - -110)) - -14?
9
What is -22 + 4 + 19 - (-1 - -19)?
-17
-1 - -5 - (-14 - (-12 + 11) - -1)
16
What is the value of 25 - 0 - (2 + (4 - 7))?
26
What is the value of (-14 - -2 - -5) + -2?
-9
Evaluate (-2 - 14) + 38 + -36.
-14
-27 - 8 - (30 - 83)
18
What is the value of -3 + 11 - (-1 - 23 - -52)?
-20
What is the value of (2 - 3 - -4) + (2 - 17 - -16)?
4
What is 14 + -56 + 32 - (1 + -13)?
2
0 + 23 + (-1 - 10)
12
Calculate -2 + 22 - (43 - 27).
4
Calculate -6 + 6 + -5 + 13 - 7.
1
What is the value of 1 + 10 + -10 + -1 + -2?
-2
7 + 24 + -20 + -34
-23
What is 81 + -44 + -66 - (6 + -3 - 0)?
-32
Calculate (-7 + -9 - 3) + 35.
16
Calculate -21 - (4 + -7 - (21 + -7 + -15)).
-19
-4 + (-7 + 3 - -10) + -1 - 4
-3
Evaluate 59 + -62 + -1 + 13 + -1.
8
Calculate 2 + -3 - -3 - (2 + -6).
6
What is the value of -136 - -150 - (-2 + 7)?
9
Evaluate (-3 - (3 - (15 + -7))) + 2 + -6.
-2
Evaluate -17 + (31 - 9 - 22).
-17
What is the value of 62 + -59 + (-5 - -4 - -11)?
13
(1 - -1) + -4 - (254 + -263)
7
Calculate (-1 + 2 - -2) + (-7 - (18 - 2)).
-20
Calculate (-8 - (2 + -13) - -1 - 2) + 12.
14
Calculate -1 + 15 + -12 + 11.
13
((-15 - -11) + -3 - -13 - 8) + 14
12
What is the value of -1 + -38 + (2 - 0) - (-397 - -394)?
-34
What is -13 + (-32 - -44) + -5?
-6
Calculate 3 + (10 - 6) - (-4 + 4).
7
Evaluate -44 + (60 - 22) + 9 + 0 + 1.
4
Evaluate 0 - (-9 + -6 + 4).
11
Calculate -144 - -121 - (-2 - 7) - (-1 + -3).
-10
What is the value of (14 - 12) + -1 + 10 - (20 - 20)?
11
What is the value of -1 + 5 - ((1 - -2) + 2 + -2)?
1
-15 + (0 + -9 - -25)
1
(1 - (-4 + 7)) + (-40 - -26)
-16
What is (3 - -30) + (312 - 315)?
30
What is -2 + 12 - 3 - (-28 - -20)?
15
Evaluate -2 + 4 + (-1 - 8) + 9.
2
Evaluate (2 - 2) + -26 + -14 + 23 + 0.
-17
What is -4 + -11 - (-6 - (0 + -3))?
-12
What is the value of 2 + (2 - 15) + -164 + 153?
-22
-15 + (15 - -8) + 2
10
105 + -98 - ((2 - 0) + -1 + -13)
19
413 + -421 + -3 + 1
-10
31 + 0 + -4 + 2 + (18 - 27)
20
Calculate -4 - -9 - (5 + (5 - -5) + -5).
-5
What is the value of (1 - -19) + -7 + -2 + 1 + 8?
20
799 + -802 + (-1 - 17)
-21
What is 68 - 67 - (-9 + 30 + -6)?
-14
-3 + 22 + (5 - 12) + 17
29
-1 + -2 + 2 + (11 - (-9 + 17))
2
What is 20 + -3 + (20 + -4 - -1)?
34
What is the value of 18 + (-4 - (-13 - (3 + -18 + 11)))?
23
What is the value of -5 - (7 + 2 + -18)?
4
What is the value of 18 - 25 - (2 - -2) - 11?
-22
What is 17 - (-6 + (5 - 4) - -5) - 6?
11
Evaluate -21 - -11 - (-13 - 0) - (6 - 6).
3
Evaluate (-24 - (-8 - 0)) + 26.
10
What is the value of 2 - (-1 + -1 + 2 + 5) - 10?
-13
(2 - (14 + -2) - (0 + 4)) + 1
-13
Calculate 16 - -5 - (15 - 6).
12
Calculate -7 + (-23 - (-6 - 47)).
23
Evaluate 8 + (4 - 21 - -12) + 10.
13
Calculate 2 - (1 + 3) - (164 + -168).
2
What is the value of 11 + 1 + -448 + 435?
-1
Calculate 162 + -166 - (14 - (-1 + -3 + 4)).
-18
What is 12 - (-12 - ((13 - 19) + -1))?
17
Evaluate -38 + (71 - 30) + 1 + 3.
7
3 - 6 - ((-3 - -1) + (-7 - 0))
6
Evaluate -6 + 38 + -23 - 11.
-2
Calculate -22 + 29 - (2 + -10).
15
-14 + (22 - (14 - 14))
8
Calculate 3 + -8 - (-7 + 15 - 11).
-2
What is -22 - -3 - (-5 - 49 - -1)?
34
What is the value of -34 - (-15 + (-12 - -14))?
-21
Evaluate (8 - (13 + 17)) + 40.
18
-13 - (-12 + (7 - 5)) - (-6 + 3)
0
Evaluate 6 + -4 - (1 + 4 + -4 + 5).
-4
What is -17 + (-1 - (7 - (-11 - -11)))?
-25
What is the value of 12 - (5 - 1 - -4)?
4
Evaluate -209 - -214 - (-8 + -1).
14
-1 - -3 - (-17 + 1 + 8)
10
What is the value of (16 - (6 - -16)) + (-2 - 4)?
-12
Evaluate (11 - (10 + -1 - (2 - 12))) + -5.
-13
What is the value of -1 - (2 + 5) - -3 - -3 - -2?
0
What is the value of -2 + 22 + -10 + (20 - 14)?
16
What is 0 - (((3 - -3) + -4 - 3) + 2)?
-1
What is (-23 - (0 + -1)) + (38 - (24 - -11))?
-19
Calculate -13 - (5 + 10 - 43).
15
(98 - 95) + -11 + (2 - -1)
-5
What is the value of (865 - 890) + (-2 + 0 - -11) + -2?
-18
Evaluate 2 - (1 + -16 - 1) - (221 - 223).
20
What is the value of (-11 - (6 + -33)) + (-1 - -16)?
31
What is the value of -1 + -1 + -6 + (310 - 308)?
-6
What is (135 - 112) + (-6 - 0)?
17
Calculate -79 + 111 + 6 + -38.
0
What is (16 - 35) + 32 + -34?
-21
What is the value of (-233 - -253) + -33 + -2?
-15
Calculate -3 + -10 - (-15 - 4).
6
(10 - -11) + 9 - 17
13
Evaluate 5 + 3 + -10 + 7 + -1 + 0.
4
(32 - (11 + 14)) + 0 + -15
-8
Evaluate (9 - (-4 + -1 - 3)) + 4.
21
(39 - 11) + -16 + -1
11
Calculate -3 - (11 - (5 + 1)) - (-3 - 1).
-4
Evaluate 42 + (76 - 66 - (22 + 3)).
27
Calculate (-4 - 2) + -7 + (19 - -1).
7
(4 - 5) + 7 - (3 - 5)
8
-3 + (-11 - -24) - 8
2
Calculate (8 - 12) + 2 + (-2 - 1).
-5
What is 4 - (0 + -13 + 5)?
12
What is the value of (-11 + 11 + -10 - (-2 - 0)) + 21?
13
Evaluate (-1 - -16) + (17 - -19 - 36).
15
Evaluate (7 + -5 - (2 - 8)) + 6.
14
(38 - 27) + -11 + -4 + -1
-5
Evaluate (-69 - -73 - (-2 - (0 + -2))) + 6.
10
What is (-63 - -11) + (-13 - -29) - -8?
-28
Evaluate -11 + -26 + 12 + 18.
-7
What is (-2 - (-5 + 8 + 6)) + (12 - 8)?
-7
What is the value of (1 - -1) + (-6 + 9 - (5 + 0))?
0
(5 + 4 + -3 - 8) + 1 + -1
-2
Evaluate -1 + -8 - -6 - (-17 + 0).
14
-8 + -9 + -9 + 33
7
-52 + (-13 - -23 - -18)
-24
1 + -45 - (-93 - -74)
-25
What is -28 - (-29 - (7 + -20))?
-12
Calculate -8 + -25 + (10 - ((-3 - -7) + -3)).
-24
What is the value of 7 - 9 - 8 - (-9 + -12) - 0?
11
What is the value of -4 + (-2 - 5) + (-6 - 1)?
-18
What is 10 + -14 + -10 + (13 - 7) + -9?
-17
What is the value of (-3 - -1) + 1 + 2 + -274 + 261?
-12
9 - ((24 - 2) + -23)
10
-6 + -23 + (2 - -10) - (-1 + -2)
-14
Calculate 10 + -2 - (-134 - -133).
9
What is 7 + (-6 + 2 - (1 - 1))?
3
What is the value of 2 - (-3 + (-7 - (-5 + 4)))?
11
16 + 8 + 18 + -29 + 5
18
What is the value of 227 + -205 - (2 + 12 + -3 - 3)?
14
What is the value of -12 + -9 + 4 + -1?
-18
Calculate -1 + 7 + (-2 - (7 - (-1 - 6))).
-10
What is 7 - (-4 + 6) - (-10 + (3 - -9))?
3
Calculate 43 - 14 - -18 - 44.
3
Evaluate -3 + (-5 - (4 - (-1 + 10))) + -1.
-4
Evaluate -6 - (4 + 8 + -15) - -10.
7
(-8 + 1 - -15) + -17 - -7 - 18
-20
8 - 1 - (242 - 238)
3
8 + -18 + (0 + -1 - -3) - -4
-4
Evaluate -36 + (7 - 17 - -34).
-12
What is the value of 1 - 1 - -8 - (0 + -1 - -22)?
-13
Evaluate 26 - 75 - -37 - (1 + 3).
-16
Calculate -5 + (3 + 2 - (-18 + 23)).
-5
10 + 1 - (12 + 7)
-8
What is the value of -8 + 4 + (8 - (10 - -7))?
-13
Calculate -3 - (12 - (37 + -13 + 15)).
24
-6 + (22 - 3) - 4
9
What is 7 + (-30 - (8 - 23))?
-8
What is (6 - 10 - 2 - -11 - 3) + 11?
13
(0 - 0 - -1) + (-24 - -30 - 12)
-5
Calculate (-72 - -36) + 8 - -16.
-12
(-9 - -29) + -4 + (-3 - 0)
13
Evaluate 16 - (-4 - (-8 + 6) - 1).
19
What is the value of (-1 - 0) + 31 + -24 + 6?
12
What is the value of -19 - (-1 - 8 - -2 - -7) - -6?
-13
What is the value of (7 - (5 - -38)) + 9 + 4?
-23
What is the value of -3 - 1 - 9 - 0 - -23?
10
What is -22 + 29 + -2 + -1?
4
Evaluate 2 + -5 + 0 + (16 - 32) + 10.
-9
35 + -27 + -13 + (3 - 0)
-2
What is the value of -8 + (-28 - -20) - 0?
-16
Evaluate (-11 - (8 + -17)) + 1 + -3.
-4
Calculate -36 + 15 + (-4 - -7).
-18
What is the value of -5 - ((-2 - (-4 + 1)) + -7 - -6)?
-5
Evaluate (-4 - (-10 - (-18 - -8))) + 7.
3
What is -3 + (-11 - -8) + -6?
-12
Evaluate -11 + 2 - (-1 + 6 + -4).
-10
Calculate -16 - -16 - (-1 - -1) - 22.
-22
What is 3 + 1 - (-4 + (11 - 11))?
8
Calculate (0 - (7 - (1 + (10 - 1)))) + 10.
13
What is the value of 10 + (-5 - (4 - 2)) + 2?
5
(-13 - 0) + -5 - (-8 + 10 - -1)
-21
What is the value of (6 - (-3 + 11 - -8)) + 2?
-8
-17 - (-11 + -3 + 4) - (5 + 2)
-14
Calculate (-1 - -6) + 2 + 0 - 5.
2
What is the value of 37 - (-3 + 33) - (-1 + 0)?
8
What is (11 - (-9 - -4)) + (-1 - -1 - 3)?
13
Evaluate ((11 - 4) + 8 - 10) + (9 - 3).
11
What is the value of 0 + -14 + (10 - 11 - -9)?
-6
(-15 - -12 - -16) + -13
0
Evaluate -9 + 16 + -10 + (1 - -5).
3
What is the value of -44 + 37 + (5 - -1) + 23?
22
Calculate 0 - 11 - (2 + (-5 - -24) + -15).
-17
(-51 - -48) + (-22 + 2 - 0) + 1
-22
What is the value of 1 + 13 + -69 + 51?
-4
Calculate -95 + 108 + -24 + (1 - 5).
-15
Calculate (13 - 0) + 5 + -9.
9
What is the value of -1 + 18 - (-43 - 0 - -40)?
20
What is -25 + 1 + 0 + (-186 - -190)?
-20
Calculate 16 + -4 